s (40/(-5) - -10)/(-3 - 265751/(-88583)) prime?
False
Let h be (2 - 7) + (-1497)/3. Suppose x - 961 = 3*v + 3*x, 5*v - 2*x + 1591 = 0. Let o = v - h. Is o a prime number?
False
Let k = -2 - -11. Let m(z) = 10*z + 3. Let s(n) = 44*n + 13. Let f(p) = 18*m(p) - 4*s(p). Is f(k) a prime number?
False
Suppose 9*l - 3036575 = 2*c, -2*l + 782581 = 4*c + 107791. Is l composite?
False
Let z = 3478 + -2373. Suppose -s = 3*n - 182 - 924, 4*n = -s + z. Is s a prime number?
True
Suppose -2*x - 4*y = 86, -3*y + 121 = -2*x - 0*y. Let o = -51 - x. Let t(s) = 79*s. Is t(o) composite?
True
Let n = 167 + -163. Suppose -5*w = -n*p - 9869, -4*p + 5915 = 19*w - 16*w. Is w a composite number?
False
Let k = 6092 - 2412. Let l = 8899 - k. Is l a prime number?
False
Is (2/8)/(256/11795456) a composite number?
False
Let h = -1387211 + 2718418. Is h prime?
True
Let q = 237 + -265. Is 3*2/(-8) + (-101017)/q composite?
False
Suppose 0 = -2*w - 3*a + 5, 2*a + 9 = 3*w - 5. Let z be (2/(-6))/(w/(-3396)). Suppose -5*i + 1932 = -z. Is i composite?
False
Let i(h) = 90*h - 10. Let l be i(-6). Let q = l - -1019. Let f = -152 + q. Is f a prime number?
True
Suppose -7*o - 227262 = -0*o. Let k = o + 55277. Is k a composite number?
False
Let m(d) = 82*d**2 + 122*d + 185. Is m(31) a prime number?
False
Is (-456863354)/(-5598) + (-8)/9 a composite number?
False
Suppose 289869 = -77*v + 146*v. Is v a composite number?
False
Is (-496 - -920) + (6 - -1) a composite number?
False
Let o(h) = h**2 + 3*h - 1. Let x = 58 + -62. Let m be o(x). Suppose 0*g - m*g + 5019 = 4*f, 4*g - 4*f = 6664. Is g a composite number?
False
Suppose -229*q = -84249859 - 6747184. Is q composite?
True
Let r = -51 - -167. Suppose -r*c + 112*c + 9644 = 0. Is c a prime number?
True
Suppose 0*f = -3*f - 66. Let s(q) = q**3 + 23*q**2 + 23*q + 24. Let v be s(f). Suppose 248 + 6 = v*a. Is a composite?
False
Let n(q) = 6*q**2 + q - 8. Let h be n(-6). Suppose x + h = 69. Let l = x + 1070. Is l a prime number?
True
Let v(k) = 61972*k + 4255. Is v(7) a prime number?
False
Suppose 5*n = 3*s - 2*s - 39732, 5*s - 198805 = -4*n. Is s prime?
False
Suppose 3*u - 5*k = -18579 + 208303, u - 63238 = k. Is u a composite number?
True
Let h(p) = 1026*p**3 - 19*p**2 + 148*p - 20. Is h(7) composite?
True
Let k(s) = 260*s + 233. Let x be k(-5). Suppose -z = -4*t + 18, 2*z - 20 = -3*z - 2*t. Is x*z*3/(-6) a prime number?
False
Let o(f) = 5*f**2 + 35*f + 72. Let q be o(-21). Let b = 7685 - q. Is b a prime number?
True
Let d = 659 - 132. Let h = 86 + d. Is h composite?
False
Is (-2565)/(-1539) - 210392/(-6) a composite number?
True
Let f = 151 - 6993. Let d = 3669 - f. Is d a composite number?
True
Let f(y) be the second derivative of -y**5/20 - 19*y**4/12 - 10*y**3/3 + y**2 - 23*y. Let n be f(-18). Suppose n*u - 34*u = 2348. Is u a prime number?
True
Let z = 5488 - -5195. Suppose -10*t = -t - z. Is t a composite number?
False
Let b(j) = -j**3 + 90*j**2 - 140*j + 1891. Is b(68) composite?
False
Suppose 2*k = -3*x, 2*x + 0*x = 4*k + 16. Suppose 2*g + g + x*m + 14 = 0, g + 4*m + 18 = 0. Is 6263*6/42 + g/(-7) a composite number?
True
Suppose -3*h + 0*h = 2*h. Suppose -3*b - 5*g - 14 = 0, 3*b - 30 = -2*b + 5*g. Suppose 1313 = 3*y + 2*a, h*a - 5*a = b*y - 879. Is y a composite number?
True
Let u be -3 - (4 + -49 + -3). Let t be 4/(-5)*u/(-18). Is 158 + t/(-1 + -1) a composite number?
False
Let i = 48 - 45. Is ((-2)/8)/((-21)/33236)*i a prime number?
True
Suppose 4*y - 2396 = 7316. Suppose -6*v = -y + 196. Suppose -5*c - v = -9*c. Is c a prime number?
False
Suppose -z + 5101 = -2*o - 2478, o = -4. Is z prime?
False
Is (-10 + 476/51)*(-1423338)/4 a composite number?
True
Suppose 0 = -20*h + 22*h - 160838. Is h composite?
True
Suppose -5*a + 94 + 596 = 0. Suppose -a = z - 1111. Is z composite?
True
Let r(w) be the third derivative of 83*w**5/20 + 13*w**4/8 + w**3/6 + 219*w**2. Is r(-5) a composite number?
True
Let f be 8/(-6) + 4/3. Suppose 0 = 4*n - y - 152, -3*n - y + f*y + 121 = 0. Let q = 61 - n. Is q composite?
True
Suppose 0*o + 30 = -5*o. Let n be 303 - 6/9*o. Suppose 0 = -4*p + 3*p + n. Is p a composite number?
False
Let s(p) = 69*p**2 - p + 2. Let o be s(3). Let f = 1623 - o. Is f prime?
False
Suppose 11*k - 9 = 46. Is (-105)/6*(-82)/k a prime number?
False
Suppose -35*r = -32*r + 2*o - 28791, -2*r = -o - 19201. Is r composite?
True
Let f(v) = -v**3 - 5*v**2 - 6*v + 2. Let g be f(-2). Suppose 3*q = -5*d + 31795, 5*d - g*d + q = 19077. Is d a prime number?
True
Let t(n) = -20*n**3 + 4*n**2 + 4*n - 6. Let j be t(-4). Let z = j + -533. Is z prime?
False
Let x(q) = -q - 477. Let i be x(0). Suppose -8*d = -4247 - 1721. Let g = d + i. Is g prime?
True
Let b(y) = 18 - y**3 - 7*y - y + 9 - 11*y**2. Let u = -788 - -776. Is b(u) composite?
True
Let g(l) = 2*l**2 + 12*l + 25. Let w be g(-5). Suppose 0 = -6*v + v + w. Suppose -v*u + 40 + 59 = 0. Is u a composite number?
True
Let o be (-75)/1 - (-4)/4. Let l = o - -72. Is (-2 + l)/(-4)*257 a composite number?
False
Suppose -8 + 2 = -6*m. Suppose -5*h - 17 = i, i + 4 + m = -2*h. Is 10410/20 + 6/h composite?
True
Is ((-1096241)/876)/(1/(-12)) composite?
False
Let n be -24 + 30 - (-6 + 1). Suppose 25483 + 17648 = n*u. Is u prime?
False
Suppose -12*m - o + 17996 = -10*m, 3*m + o - 26993 = 0. Let k = m + -3100. Is k composite?
False
Let n = -10372 - -16011. Is n composite?
False
Suppose -8408 + 112772 = 39*c. Suppose -57*l = c - 489741. Is l a prime number?
False
Suppose 41332875 = 112*w - 15975061. Is w a prime number?
False
Let z(n) = 2*n**2 + 14*n + 78. Suppose -2*k - l + 6*l - 20 = 0, 4*k = -2*l - 16. Is z(k) composite?
True
Let n(v) = 10308*v**2 + 95*v - 666. Is n(7) a prime number?
True
Let t be (140/44 + -3 - 2/11)/1. Let a = 4 - 1. Suppose t = -4*r + 16, 3*z = a*r + 278 + 679. Is z a composite number?
True
Let l = -254421 + 452864. Is l a composite number?
True
Let l(t) = -3*t + 17. Let f = 60 + -53. Let m be l(f). Is 3*2819*m/(-12) composite?
False
Let q(n) = n**2 + 2. Let w be q(11). Suppose -7*j - 1242 = w. Let i = j - -808. Is i composite?
False
Suppose 11*f - 645 = 2215. Suppose 4*x = 275 + 241. Let c = f - x. Is c a composite number?
False
Let z = 311 + -308. Suppose -3*p - 5*x = -19816, -2*x = -z*p + 4243 + 15580. Is p composite?
False
Let o(a) = -a**3 - 10*a**2 - 3*a - 27. Let g be o(-10). Suppose 3*m - 5*k + 5215 = 24458, -g*k + 12854 = 2*m. Is m a prime number?
True
Let h = -127 - -130. Suppose -c + 8014 = h*g, 0 = 15*c - 12*c + 2*g - 24063. Is c prime?
False
Let f(o) = 164*o - 73. Let b = 362 + -358. Is f(b) composite?
True
Suppose z + 5*a - 257559 = 0, 4*z + 22*a = 18*a + 1030172. Is z prime?
True
Is (-1074413)/(-7) - 1156/2023 prime?
True
Let k(f) = 324*f**2 + 41*f + 2. Let r = -276 + 269. Is k(r) a composite number?
True
Is (-17702865)/(-105) - 12/(-42) a prime number?
True
Suppose 0 = -x + 3*d - 301, -d = 19 - 24. Let v = 2416 - 3853. Let z = x - v. Is z composite?
False
Let u(j) = j**2 - 3*j - 5. Let a be u(-2). Suppose 0 = v - f - 381, 4*v - a*f + 4*f - 1512 = 0. Is v prime?
False
Suppose -2*v = 2*l - 6780 - 13168, l + 19927 = 2*v. Is v composite?
False
Let d = -231213 + 501506. Is d prime?
False
Let w = 495 - 490. Suppose w*x = -2*l + 23598, 5*l + 2*x = x + 58949. Is l a composite number?
False
Let c = -109375 + 326682. Is c composite?
False
Let m(o) = 5*o - 11. Suppose 4*q + 0*q + 90 = -2*p, -240 = 5*p + 5*q. Let l = 68 + p. Is m(l) prime?
False
Suppose -207 = -34*i - 71. Suppose 5*q - i*u = 647, 0 = 2*q + 9*u - 7*u - 248. Is q a composite number?
False
Let q(w) = w**3 - 9*w**2 - 4*w + 13. Suppose 5*s + 49 = 2*z - 0*z, s - z + 8 = 0. Let o be 4 - 0 - 4 - s. Is q(o) a prime number?
True
Suppose -20184 - 9396 = -5*d. Suppose 5*o + d - 17376 = 0. Suppose -2*k = -6*k + o. Is k composite?
True
Let k(r) = 2*r**2 + 15*r + 8. Let p be k(-8). Let a(b) be the second derivative of -b**5/20 + 7*b**4/4 + b**3/6 - 37*b**2/2 - 22*b. Is a(p) a prime number?
True
Suppose 0 = 99*p - 107*p + 16. Suppose -b = -p*o - 4387, 4*b - 7452 = -3*o + 10129. Is b composite?
True
Let b(i) = -459*i**3 + 6*i**2 + 44*i + 116. Is b(-3) prime?
False
Let c = -1496 + 8020. Let v(l) = -32*l**2 + 41*l - 9. Let p be v(12). Let s = c + p. Is s composite?
False
Suppose 5*j - 45 + 155 = 5*t, -4*j = -t + 16. Suppose -t*l = -